400)/280)/(4/14). Calculate w(o).
0
Suppose g + 8*v - 4 = 6*v, 12 = 5*g + 2*v. Suppose 5*z + 23 = -2*k + 16, g*z = 5*k - 26. Let y(n) = 2*n + 2. What is y(k)?
10
Let j(p) = -115*p + 107*p + 1671 - 1680. Determine j(-8).
55
Let w(q) = 45*q + 40. Let s(c) = 11*c + 10. Let j(b) = -9*s(b) + 2*w(b). Let t(d) = 4*d + 4. Let v(a) = 2*j(a) + 5*t(a). Calculate v(-4).
-8
Let o(y) = -y**3 + 5*y**2 - 4*y + 1. Let x(k) be the second derivative of k**4/12 + k**2/2 - 35*k. Let j be x(-2). Calculate o(j).
-19
Let a(w) be the second derivative of -w**6/120 + w**5/12 + w**4/8 - 45*w**2 - 31*w - 2. Let y(g) be the first derivative of a(g). Calculate y(5).
15
Let o(f) = f**3 - 9*f**2 + 13*f + 10. Let w be o(7). Let s(l) = 51*l + 2*l**2 - w*l**2 - 12*l**3 - 1 - 2*l**3 - 49*l. What is s(1)?
-14
Let l(r) = 3321*r - 83. Let k(g) = 1423*g - 41. Let f(t) = 7*k(t) - 3*l(t). Suppose -22 = 4*z + 58. Determine f(z).
2
Suppose -1244*w + 16 = -1240*w. Let b(s) = 0 - 5*s**2 + 4*s**2 - 4*s - 1 + 2*s**2. Let n(f) = f - 1. Let k(p) = b(p) - 6*n(p). Calculate k(w).
-19
Let q be -1 - (18/27 + (-40)/6). Let r(a) = -4*a**3 - 7 + q*a**3 - a**2 + 10 - 6 - a. Calculate r(0).
-3
Let v(w) be the third derivative of 1/40*w**5 - 11*w**2 + 0*w - 1/180*w**6 - 1/24*w**4 + 0 - 3/2*w**3. Let q(j) be the first derivative of v(j). Calculate q(2).
-3
Let g(r) = -25*r**2 - 43*r + 100. Let k(q) = 38*q**2 + 40*q - 100. Let n(s) = 3*g(s) + 2*k(s). Calculate n(47).
6
Let f(b) = 11*b**3 - 21*b**2 - 36*b - 1. Let s(u) = 5*u**3 - 11*u**2 - 18*u - 2. Let w(d) = -4*f(d) + 9*s(d). Give w(16).
-46
Let i(v) = v**2 - 5*v - 62. Suppose 0 = -5*b - 21 + 36, -4*u - 36 = -4*b. Determine i(u).
4
Let u(f) = f**3 + 9*f**2 - 11*f - 13. Suppose -36*s + 3*o = -41*s - 35, 15 = 3*o. Give u(s).
-3
Let s(h) = 21*h**3 + 5*h**2 + 14*h - 11. Let d(z) = 5*z**3 + 4*z - 1. Let p(i) = 4*d(i) - s(i). Calculate p(-6).
31
Let f = 272 - 261. Let p(g) = 5*g + 16. Let w(i) = -i - 3. Let s(v) = f*w(v) + 2*p(v). Let c be (-11 - 1)/((-6)/(-4)). Determine s(c).
7
Let v = -26 + 28. Let j(w) = 8924 - w**3 + v*w**2 + 2*w - 8922 - 6*w**2. Let q(l) = -l**3 - 3*l**2 + 2*l + 3. Let g be q(-3). Determine j(g).
-13
Let a(q) = 8*q. Let g = -45 - -50. Suppose 0 = 8*o + g + 3. Calculate a(o).
-8
Suppose -2*l = -5*p - 93, 3*p - l + 3*l + 43 = 0. Let h = -15 - p. Let n(t) = 3 + 9*t - 6*t - h*t. Give n(0).
3
Let r(s) = -23*s + 10 - 6*s**2 - 17*s + 53*s - s**3 - s**2 + 6. Give r(-8).
-24
Let w(k) = 17*k**2 - 25*k - 7. Let y(t) = -19*t**2 + 22*t + 8. Let i(s) = -6*w(s) - 5*y(s). Calculate i(6).
-10
Suppose 5 = -5*m, 4*z + 65 + 76 = 3*m. Let r = z - -40. Let o(j) = 12*j + 5. Let n(b) = 19*b + 7. Let l(c) = -5*n(c) + 8*o(c). Calculate l(r).
9
Let l = 32 + 24. Let w = l - 61. Let c(z) = -2*z + 4*z + z. Calculate c(w).
-15
Let l be -16 + 6 + (-25 - -39). Let t(z) be the first derivative of -13 + 5/3*z**3 - 4*z**2 - 7*z + 1/4*z**l. What is t(-6)?
5
Let k(a) = -3 + 17 + a - 9. Suppose 11*g - 6 = 9*g. Let t be k(g). Let h(n) = -2*n + 11. Calculate h(t).
-5
Suppose 8*k + 8*k = 48. Suppose 0 = -4*h - 3*t + 9, -3*h + 2*t - t = k. Let r(i) = -i**2 + 3. Give r(h).
3
Let p be (5 - 5)/(2/(2/(-1))). Suppose 0*i - i + 3 = p. Suppose 5*r + i = -2. Let x(h) = h**3 + 3*h**2 + 2*h + 1. Calculate x(r).
1
Suppose 10*c - 5*c + 32 = u, -5*c - 3*u = 24. Let p(x) = -x + 2. Let y(f) = f - 2. Let m(i) = c*y(i) - 5*p(i). Calculate m(8).
-6
Let s(v) = v**2 + 10*v. Let t be s(-9). Let u be t/(0 + 2 - 1). Let d(b) = b**2 + 8*b - 12. What is d(u)?
-3
Let o = -3/11569 - -11749/694140. Let y(j) be the third derivative of -j**3 - 3/8*j**4 + 23*j**2 - o*j**5 + 0*j + 0. Calculate y(-7).
8
Let b(o) = -56 + 4*o - 9*o**2 + 10*o**2 + 45 + 12. Suppose 0 = -r - 2*v + 9, -r - 4*r - 3*v = -10. Let s be (-3 - -1) + r + -1. Calculate b(s).
1
Let w(i) = 3*i + 633. Let v(f) = 4*f + 695. Let l(b) = 10*v(b) - 11*w(b). What is l(18)?
113
Let p(a) be the first derivative of -a**5/60 + 7*a**4/24 - a**3/2 - 13*a**2/2 - 2*a - 95. Let n(l) be the second derivative of p(l). What is n(7)?
-3
Let h(a) = 9*a - 3. Suppose 0 = -34*l + 45*l + 22*l - 33. What is h(l)?
6
Let t(y) = -4*y**3 - 7*y**2 - 4*y + 12. Let f be t(-2). Let x(m) = -m**2 + 26*m - 75. Calculate x(f).
-27
Suppose 349 - 73 = 3*w + 4*x, -3*w + x + 291 = 0. Let b(o) = 3*o**2 - 4*o - 2. Let z be b(-5). Let k = w - z. Let y(a) = -3*a + 4. Give y(k).
-5
Let q(m) be the first derivative of 2*m**3/3 + 6*m**2 - m - 1380. What is q(-7)?
13
Suppose 0 = -2*m + 413 - 407. Let f(u) = -3*u**2 + 5*u + 2. What is f(m)?
-10
Let n(x) be the second derivative of -110*x + 1/2*x**2 + 5*x**3 + 0. Determine n(1).
31
Suppose 8*j + 70 - 86 = 0. Let x(h) be the third derivative of -9*h**2 + 1/120*h**6 - 1/20*h**5 + 0*h + 0 + 1/3*h**3 - 1/24*h**4. Determine x(j).
-4
Let z(c) = -41*c + 7. Suppose -5*q + 3*j = 18, 0*q - 4*j = -q - 24. Give z(q).
7
Let o(u) be the first derivative of -u**4/4 - 13*u**3/3 + 7*u**2 + 33*u + 2487. Give o(-14).
33
Let v(t) = 2*t**3 - 11*t**2 - 31. Let m(b) = b**3 - 2*b**2 + b - 1. Let f(p) = 3*m(p) - v(p). Give f(-5).
13
Let q(k) = k**3 - 7*k**2 + 13*k - 91. Let y be q(7). Let d(g) = -g**2 + g - 2*g + 0*g**2 - 6 + 7. Calculate d(y).
1
Let r(y) = 4*y**2 + 10*y + 11. Let f = -1 - -1. Suppose 14*s - 12*s - 4 = f. Let j(b) = -3*b**2 - 9*b - 10. Let p(g) = s*r(g) + 3*j(g). Give p(-6).
-2
Let u(r) be the third derivative of -r**4/24 + 2*r**3 - 151*r**2 + r - 2. Let t = -9 + 13. Give u(t).
8
Let k(u) = -2*u**2 - 37*u - 63. Let p(n) = -12*n**2 - 218*n - 378. Let t(i) = -17*k(i) + 3*p(i). Calculate t(-3).
-6
Let q(m) be the second derivative of -m**3 + 23*m**2 + m - 626. Determine q(8).
-2
Let w be (-6 - -11 - 110) + 4. Let f = -102 - w. Let l(y) = 16*y**2 + y. What is l(f)?
15
Let y(m) = 4*m + 1. Suppose 2*c - 2 = k - 3, 4*k - 4 = -c. Let l be (-1 + 1)/(1 + 2 - k). Suppose 9*d - 4 - 5 = l. Give y(d).
5
Suppose -4*o + 23 = -3*g - 18, -g - 5 = 3*o. Let h(t) = -1 - 5 - 1412*t - t**2 + 2*t**2 + 772*t + 650*t + 0*t**2. Determine h(g).
5
Let t(m) = -m**3 + m**2 - m. Let h(v) = -5*v**3 + 12*v**2 - 7*v - 3. Let g(o) = h(o) - 6*t(o). Let r = 103 - 155. Let i = -58 - r. What is g(i)?
3
Let w = -1838 - -1840. Let t(v) be the second derivative of -11*v - 1/6*v**3 + 0 - 3/2*v**w. What is t(0)?
-3
Let x(a) be the second derivative of a**4/12 + 5*a**3/6 + 3*a**2/2 - 2*a + 8. Let l be (4/10)/(1092/(-180) - -6). What is x(l)?
9
Suppose 3*h = 3*p - 30, -40 = h + p + 4*p. Let a be (935/h)/11 + (-2)/(-3). Let x(m) = 3*m + 6. Determine x(a).
-9
Let v(l) = l**3 - 3*l**2 + 2*l + 16. Let y be v(-2). Let f(t) = 2*t**2 + 8*t - 70. Determine f(y).
-6
Let k(q) = -2*q**3 - 2*q + 2. Let v(s) = 7*s**3 + s**2 + 15*s - 16. Let j(u) = 4*k(u) + v(u). Give j(5).
-73
Let x(n) be the third derivative of -n**5/60 + 5*n**4/12 + 5*n**3/2 - n**2 + 304. Calculate x(11).
4
Let f(s) be the third derivative of 0*s**3 + 0*s + 0 - 1/4*s**4 - 91*s**2. What is f(-1)?
6
Let b(m) = -2*m - 3. Let r(l) = -2*l + 65. Let t be r(30). Suppose -5*i = 15, -t*x + i - 39 = -3*x. Let q be 6/x + (-90)/(-21). Give b(q).
-11
Let u(j) = j**3 + 7*j**2 + 6*j + 6. Let m = -180 - -321. Suppose 5*s + 2*a = 220, 3*a = -s - 2*s + m. Suppose 3*v - s = 3*q - 9, -q - 1 = v. What is u(q)?
6
Let v = -247 + 394. Let n = 150 - v. Let q(k) = -k**2 + 2*k - 4. Calculate q(n).
-7
Let c(u) = 2*u**3 - 3*u**3 + 5 + 0*u**3 + 14. Let x(n) = n - 25. Let t be x(25). Let m be t/((-9)/3)*4/12. Determine c(m).
19
Let b(t) = 8*t - 127. Let j be b(15). Let r(x) = -2*x + 38. Let s(d) = -3*d + 56. Let g(y) = j*r(y) + 5*s(y). Give g(10).
4
Let z(d) = -d + 14. Let f(k) be the third derivative of k**5/30 - 5*k**4/8 + 5*k**3/6 - 21*k**2 + k. Let l be f(8). Determine z(l).
1
Let w be 90/105*(-70)/(-20). Let y(l) = l**2 - 2*l + 5. Give y(w).
8
Let t be ((-28)/40*-5)/(1/2). Let v be t/(24/6 + -5). Let l(o) = -o**3 - 7*o**2 + o + 9. What is l(v)?
2
Let o(k) = k**3 - 23*k**2 - 20*k + 6. Let n be o(24). Let z(i) = 13 + n*i - 3*i**2 + 2*i**2 + 100*i - 199*i. Calculate z(6).
-5
Suppose 0 = -7*q + 89*q + 656. Let s(z) = 10*z + 11. Let o(g) = -3*g - 4. Let d(u) = -21*o(u) - 6*s(u). Calculate d(q).
-6
Let i = 159 - 157. Let n(q) = 4*q**3 - i - 5*q**3 - 1327*q + 1327*q + 6*q**2. Determine n(5).
23
Let s be ((-232)/(-12))/(2 - (-8)/(-6)). Let r = 18 - s. Let w be (-11 - r) 